{"id":15663,"date":"2020-12-22T01:23:35","date_gmt":"2020-12-22T00:23:35","guid":{"rendered":"https:\/\/nele-stroebel.de\/works\/"},"modified":"2024-03-07T00:31:00","modified_gmt":"2024-03-06T23:31:00","slug":"works","status":"publish","type":"page","link":"https:\/\/nele-stroebel.de\/fr\/works\/","title":{"rendered":"works"},"content":{"rendered":"<a href=\"https:\/\/nele-stroebel.de\/fr\/exposition-fear-hope-are-vision-a-vienne-3\/\"><ul class=\"nav nav-tabs elementkit-tab-nav \">\n                                    <li class=\"elementkit-nav-item elementor-repeater-item-24d0e90\">\n                        \n                                                        Texte\n                        \n                    <\/li>\n                                        <li class=\"elementkit-nav-item elementor-repeater-item-7949536\">\n                        \n                                                        Bilder\n                        \n                    <\/li>\n                                <\/ul>\n\n            \n                                    \n                        \n                            Je suis heureux que deux de mes &lsquo;livres dystopiques&rsquo; soient pr\u00e9sent\u00e9s \u00e0 l&rsquo;exposition\n\u00ab\u00a0Fear &amp; Hope are &#8211; Vision\u00a0\u00bb en mai 2025 \u00e0 la  \nGalerie DRUCK &amp; BUCH\n21\/2, rue de la Montagne\n1090 Vienne\n0043\/664\/7657361\nwww.druckundbuch.com\nsont montr\u00e9s.\n                        \n                    \n                                    \n                        \n                            \n<li>\u00ab\u00a0people\u00a0\u00bb:<\/li>\n\nngg_shortcode_0_placeholder\n2.\u00a0\u00bbstudio homes and houses\u00a0\u00bb:\nngg_shortcode_1_placeholder\n3. \u00ab\u00a0Die Schatten der Geb\u00e4ude\u00a0\u00bb:\nngg_shortcode_2_placeholder\n4. \u00ab\u00a0inside-out\u00a0\u00bb\nngg_shortcode_3_placeholder\n5. \u00ab\u00a0magic moments\u00a0\u00bb\nngg_shortcode_4_placeholder\n6. \u00ab\u00a0baloons\u00a0\u00bb\nngg_shortcode_5_placeholder\n7. \u00ab\u00a0inner circles\u00a0\u00bb\nngg_shortcode_6_placeholder\n\u00a0&hellip;<\/a>","protected":false},"excerpt":{"rendered":"<a href=\"https:\/\/nele-stroebel.de\/fr\/exposition-fear-hope-are-vision-a-vienne-3\/\"><ul class=\"nav nav-tabs elementkit-tab-nav \">\n                                    <li class=\"elementkit-nav-item elementor-repeater-item-24d0e90\">\n                        \n                                                        Texte\n                        \n                    <\/li>\n                                        <li class=\"elementkit-nav-item elementor-repeater-item-7949536\">\n                        \n                                                        Bilder\n                        \n                    <\/li>\n                                <\/ul>\n\n            \n                                    \n                        \n                            Je suis heureux que deux de mes &lsquo;livres dystopiques&rsquo; soient pr\u00e9sent\u00e9s \u00e0 l&rsquo;exposition\n\u00ab\u00a0Fear &amp; Hope are &#8211; Vision\u00a0\u00bb en mai 2025 \u00e0 la  \nGalerie DRUCK &amp; BUCH\n21\/2, rue de la Montagne\n1090 Vienne\n0043\/664\/7657361\nwww.druckundbuch.com\nsont montr\u00e9s.\n                        \n                    \n                                    \n                        \n                            \n<li>\u00ab\u00a0people\u00a0\u00bb:<\/li>\n\nngg_shortcode_7_placeholder\n2.\u00a0\u00bbstudio homes and houses\u00a0\u00bb:\nngg_shortcode_8_placeholder\n3. \u00ab\u00a0Die Schatten der Geb\u00e4ude\u00a0\u00bb:\nngg_shortcode_9_placeholder\n4. \u00ab\u00a0inside-out\u00a0\u00bb\nngg_shortcode_10_placeholder\n5. \u00ab\u00a0magic moments\u00a0\u00bb\nngg_shortcode_11_placeholder\n6. \u00ab\u00a0baloons\u00a0\u00bb\nngg_shortcode_12_placeholder\n7. \u00ab\u00a0inner circles\u00a0\u00bb\nngg_shortcode_13_placeholder\n\u00a0&hellip;<\/a>","protected":false},"author":1,"featured_media":0,"parent":0,"menu_order":0,"comment_status":"closed","ping_status":"closed","template":"elementor_header_footer","meta":{"ngg_post_thumbnail":0,"footnotes":""},"class_list":["post-15663","page","type-page","status-publish","hentry"],"_links":{"self":[{"href":"https:\/\/nele-stroebel.de\/fr\/wp-json\/wp\/v2\/pages\/15663","targetHints":{"allow":["GET"]}}],"collection":[{"href":"https:\/\/nele-stroebel.de\/fr\/wp-json\/wp\/v2\/pages"}],"about":[{"href":"https:\/\/nele-stroebel.de\/fr\/wp-json\/wp\/v2\/types\/page"}],"author":[{"embeddable":true,"href":"https:\/\/nele-stroebel.de\/fr\/wp-json\/wp\/v2\/users\/1"}],"replies":[{"embeddable":true,"href":"https:\/\/nele-stroebel.de\/fr\/wp-json\/wp\/v2\/comments?post=15663"}],"version-history":[{"count":2,"href":"https:\/\/nele-stroebel.de\/fr\/wp-json\/wp\/v2\/pages\/15663\/revisions"}],"predecessor-version":[{"id":17818,"href":"https:\/\/nele-stroebel.de\/fr\/wp-json\/wp\/v2\/pages\/15663\/revisions\/17818"}],"wp:attachment":[{"href":"https:\/\/nele-stroebel.de\/fr\/wp-json\/wp\/v2\/media?parent=15663"}],"curies":[{"name":"wp","href":"https:\/\/api.w.org\/{rel}","templated":true}]}}

<a href="https://nele-stroebel.de/fr/exposition-fear-hope-are-vision-a-vienne-3/"><ul class="nav nav-tabs elementkit-tab-nav ">
                                    <li class="elementkit-nav-item elementor-repeater-item-24d0e90">
                        
                                                        Texte
                        
                    </li>
                                        <li class="elementkit-nav-item elementor-repeater-item-7949536">
                        
                                                        Bilder
                        
                    </li>
                                </ul>

            
                                    
                        
                            Je suis heureux que deux de mes &lsquo;livres dystopiques&rsquo; soient présentés à l&rsquo;exposition
« Fear &amp; Hope are &#8211; Vision » en mai 2025 à la  
Galerie DRUCK &amp; BUCH
21/2, rue de la Montagne
1090 Vienne
0043/664/7657361
www.druckundbuch.com
sont montrés.
                        
                    
                                    
                        
                            
<li>« people »:</li>

ngg_shortcode_0_placeholder
2. »studio homes and houses »:
ngg_shortcode_1_placeholder
3. « Die Schatten der Gebäude »:
ngg_shortcode_2_placeholder
4. « inside-out »
ngg_shortcode_3_placeholder
5. « magic moments »
ngg_shortcode_4_placeholder
6. « baloons »
ngg_shortcode_5_placeholder
7. « inner circles »
ngg_shortcode_6_placeholder
 &hellip;</a>

<a href="https://nele-stroebel.de/fr/exposition-fear-hope-are-vision-a-vienne-3/"><ul class="nav nav-tabs elementkit-tab-nav ">
                                    <li class="elementkit-nav-item elementor-repeater-item-24d0e90">
                        
                                                        Texte
                        
                    </li>
                                        <li class="elementkit-nav-item elementor-repeater-item-7949536">
                        
                                                        Bilder
                        
                    </li>
                                </ul>

            
                                    
                        
                            Je suis heureux que deux de mes &lsquo;livres dystopiques&rsquo; soient présentés à l&rsquo;exposition
« Fear &amp; Hope are &#8211; Vision » en mai 2025 à la  
Galerie DRUCK &amp; BUCH
21/2, rue de la Montagne
1090 Vienne
0043/664/7657361
www.druckundbuch.com
sont montrés.
                        
                    
                                    
                        
                            
<li>« people »:</li>

ngg_shortcode_7_placeholder
2. »studio homes and houses »:
ngg_shortcode_8_placeholder
3. « Die Schatten der Gebäude »:
ngg_shortcode_9_placeholder
4. « inside-out »
ngg_shortcode_10_placeholder
5. « magic moments »
ngg_shortcode_11_placeholder
6. « baloons »
ngg_shortcode_12_placeholder
7. « inner circles »
ngg_shortcode_13_placeholder
 &hellip;</a>
